j is divided by 4.
1
Suppose -3*s = -3, 2*p + 6*s - 8*s = 44. Calculate the remainder when 159 is divided by p.
21
Let m = -46 + 75. What is the remainder when 86 is divided by m?
28
Suppose -2*y + 5 + 5 = 0. Suppose -y*c - n + 15 - 3 = 0, -2*c - 4*n = -12. What is the remainder when 8/4 - (1 - 4) is divided by c?
1
Suppose -11*z = -9*z - 52. Suppose 2*p - 16 = 12. What is the remainder when z is divided by p?
12
Let i(c) = -6*c - 43. What is the remainder when i(-12) is divided by 11?
7
Suppose 18 = 4*a - 2. Let c = 15 - -27. Calculate the remainder when c is divided by 972/45 - (-2)/a.
20
What is the remainder when 2*(-1 - (-29 + 0)) is divided by -19*(-2)/4*2?
18
Let z be 6/4 - (-6)/4. Suppose j + 55 = 5*s - 4*j, 2*s - z*j - 21 = 0. Calculate the remainder when 23 is divided by s.
11
Let n = 20 + 2. Let h(i) = -i**3 + 4*i**2 + 3. What is the remainder when n is divided by h(3)?
10
Let y = 26 - 16. What is the remainder when 27 is divided by y?
7
Let g = -246 - -261. Suppose -109 = -u + 2*m + 7, 0 = 4*u + 2*m - 484. Suppose 5*z = -5*y + u, y - 25 - 28 = -2*z. What is the remainder when z is divided by g?
14
Suppose -2*g = -3*d + 4*d + 52, -5*d - 254 = 4*g. Let l = d + 131. What is the remainder when l is divided by (-3)/((-1)/(14/2))?
18
Suppose 15 = -2*r + 5. Let j(b) = -6 - 4*b - 2*b + b. What is the remainder when j(r) is divided by 11?
8
What is the remainder when 31 is divided by (-1)/((9/(-42))/3)?
3
Suppose 4*k + 3*q - q - 42 = 0, -4*q - 36 = -4*k. What is the remainder when (0 - -1)/(2 - 1) is divided by 6/k + (-2)/(-5)?
0
Let s(q) = -11*q + 2*q - 9*q. Calculate the remainder when 52 is divided by s(-1).
16
Let i(o) = -13*o**3 + o**2 + 2*o + 2. Calculate the remainder when i(-2) is divided by 18.
16
Let r(a) = -3*a + 1. Let d be r(-1). Suppose -5*z + 90 = -0*z. What is the remainder when z is divided by d/(-2) + 1 + 6?
3
Suppose -x - 18 = -3*x. Calculate the remainder when 52 is divided by x.
7
Let d = 2 - -65. Let l be (-1404)/(-63) - 2/7. What is the remainder when d is divided by 510/22 - 4/l?
21
Suppose 3*q = q + 2. Let p = q - -2. Calculate the remainder when 3 is divided by p.
0
Let p be (-3)/((3/2)/(-1)). Suppose -4*d = -p*n - 2*n + 56, -2*n - 5*d = -56. Calculate the remainder when n is divided by 10.
8
Suppose -h = -0*h. Suppose -4*w + 0*f + f + 150 = 0, h = -4*w + 2*f + 148. Calculate the remainder when w is divided by 10.
8
Suppose -4*u + 64 = 4*t, -u + 0*u + 21 = 2*t. Suppose -3*s - 252 = -9*s. What is the remainder when s is divided by u?
9
Suppose -464 = -5*h - 3*d, 2*h + h = 5*d + 292. Let y = h + -24. Calculate the remainder when y is divided by 24.
22
Suppose 0*y + 4*y = -4*f + 104, 106 = 3*y - 4*f. Suppose 2*o - y = -o. Calculate the remainder when o is divided by 4.
2
Let v = -60 - -65. Calculate the remainder when 8 is divided by v.
3
Let a be (-7)/((-14)/15)*2. What is the remainder when 76 is divided by (1 + 38)/(a/10)?
24
Let s(a) = -a - 3. Let v = 10 - 5. Let p(b) = -b**3 + 5*b**2 + b - 1. Calculate the remainder when p(v) is divided by s(-6).
1
Suppose -16*n + 35 = -9*n. Calculate the remainder when n is divided by 2.
1
What is the remainder when (-1)/5 - (-276)/5 is divided by 14?
13
Suppose 0 = -3*r - 3, 3*r = 2*v + 2*r - 31. Let n(p) = p**3 - 10*p**2 - 7*p - 1. Calculate the remainder when n(11) is divided by v.
13
Calculate the remainder when 6 + 2 + (-218)/(-2) is divided by 59.
58
Let i(x) = -x + 1 + x - 7 - 2*x. Calculate the remainder when 11 is divided by i(-6).
5
Let d = -41 + 48. What is the remainder when 18 is divided by d?
4
Let t(k) = -k**3 - k**2. Let y be t(-2). Suppose 0 = y*s + s + 30. Calculate the remainder when (-2 - 50/s)*6 is divided by 20.
18
Let a(f) = -f**2 - 12*f - 12. Let u be a(-10). Suppose -u = -c - 6. Calculate the remainder when (0 - -1)*2*2 is divided by c.
0
Suppose -3*x = -85 - 5. Calculate the remainder when x is divided by -1 - (-2 - (17 + -2)).
14
Let a(w) = w**2 + w - 15. What is the remainder when 106 is divided by a(-7)?
25
What is the remainder when (28/10)/(3/15) is divided by 5?
4
What is the remainder when (7/3)/(17/102) is divided by 5?
4
Suppose -850 = -0*r + 5*r. Let u = 251 + r. Calculate the remainder when u is divided by 21.
18
Let i(t) = t**3 - 5*t**2 - 7*t - 8. Let u be i(6). Let d = u - -25. What is the remainder when 20 is divided by d?
9
Suppose -49 = 4*r - 265. Let s(p) = 15*p - 2. Calculate the remainder when r is divided by s(2).
26
Suppose 2*r - 8 = -2*r. Suppose 5*p - 69 = -b, p + r*b + 5 = 2*p. Suppose 0*w - 37 = -w. Calculate the remainder when w is divided by p.
11
Suppose -3*g = 5*v - 276, -28 = -g - 5*v + 64. Suppose 4*l = -3*c + g, -l - 3*c - 68 = -5*l. Let z = 121 + -63. Calculate the remainder when z is divided by l.
18
Let i be (-24)/9*(2 + -8). Suppose -10 = -2*k + i. What is the remainder when k is divided by 8?
5
Let o = 79 - 53. Let d = 2 - -3. Suppose -3*u + 15 + 16 = -n, 0 = -d*u - 4*n + 29. Calculate the remainder when o is divided by u.
8
Let d(m) be the second derivative of -5/2*m**2 + 1/3*m**4 - 1/20*m**5 + 0 - 2*m + 7/6*m**3. Calculate the remainder when d(4) is divided by 8.
7
Let j = -12 + 18. Let z(o) = o**3 - 2*o**2 + 3*o - 4. Suppose -2*m = m - 6. What is the remainder when j is divided by z(m)?
0
Let i be 0 - 3/(6/(-70)). Let y be (-26)/(-6) - (-4)/6. Suppose 2*r = 3*b + 53, -4*r + i = y*b - 16. Calculate the remainder when r is divided by 7.
5
Calculate the remainder when 5 is divided by (-5)/(-2) + 15/(-30).
1
Suppose 4*l = 4*x - 56, 0 = -2*x + x - 3*l + 2. Let o(r) = r**2 - 11*r + 6. Let k = -29 + 45. What is the remainder when k is divided by o(x)?
4
Suppose 3*t - 7 + 4 = -2*c, 3*c - 8 = -t. Calculate the remainder when 31 is divided by (c/(-2))/(6/(-64)).
15
What is the remainder when 24 is divided by 104/32*4/1?
11
Suppose 35 = 5*z - 5*k, 0 = 3*z + 4*k - 2*k - 11. Let v = z + -2. Suppose v*o - 7 = 2*o. What is the remainder when 20 is divided by o?
6
Calculate the remainder when 4 is divided by (-190)/(-45) - 6/27.
0
Let y be ((-22)/(-6))/(1/12). Suppose -2*n = n - 4*b - y, 0 = -3*b + 12. Calculate the remainder when n is divided by 14*((-1)/(-2))/1.
6
Let g(l) = l + 22. Calculate the remainder when 63 is divided by g(-5).
12
What is the remainder when (44/(-6))/(1/(-3)) is divided by 8/2 + (-5 - -9)?
6
Let s(t) = -t**2 - 14*t + 4. Let l be s(-10). Suppose k - l = 35. Calculate the remainder when k is divided by 20.
19
Suppose 5*m = -4*x + 131 - 36, 80 = 2*x - 4*m. Let p(l) = l**2 + 2*l + 8. Calculate the remainder when x is divided by p(0).
6
Let j = -50 + 35. Let h = -22 - j. Let l = 8 + h. What is the remainder when l is divided by 1?
0
Suppose 0*f + 3*f = 6. Calculate the remainder when 56 is divided by f/(63/57 - 1).
18
Let s be (2/4)/((-4)/(-40)). Suppose 5*z - 65 = -4*r, -z = s*r - 0*z - 55. What is the remainder when r is divided by 4?
2
Let x be (-4*2/(-4))/1. Suppose -g + 18 + 1 = 5*i, -3*i = -x*g - 1. Calculate the remainder when (1/(-3) + 0)*-21 is divided by i.
1
Let r(y) = y**3 + 12*y**2 - 2*y + 4. Let c be r(-12). Suppose 62 = 3*u - c. Calculate the remainder when u is divided by 11.
8
Let p = 3 + 4. Let f(g) = -6*g**2 - g + 3. Let l be f(-3). Calculate the remainder when (5/4)/((-3)/l) is divided by p.
6
Let q = 180 - 111. Calculate the remainder when q is divided by 14.
13
Let y = -3 + 9. Calculate the remainder when 117/5 - 4/10 is divided by y.
5
Let a = -7 + 27. What is the remainder when (10404/(-66))/(-2) + 2/11 is divided by a?
19
Suppose -5*d - 91 = -166. Calculate the remainder when 70 is divided by d.
10
Suppose 0 = -4*q + 4*d + 348, 0 = -5*q - 3*d + 150 + 301. What is the remainder when q is divided by 31?
27
Suppose 2*o = 4*h + 4*o - 50, 5*h = o + 73. What is the remainder when 52 is divided by h?
10
Let v(k) = k - 11. Suppose 5*p - u - 172 = 0, 4*u = 4*p - 0*p - 144. What is the remainder when p is divided by v(24)?
8
Let c(j) = -j**2 + 8*j - 1. Let r be c(8). Calculate the remainder when -3 + 19 - r/1 is divided by 10.
7
Suppose 10*m + 35 - 255 = 0. What is the remainder when 33 is divided by m?
11
Suppose -6*r = -910 - 728. What is the remainder when r is divided by 46?
43
Let b = -5 - -5. Suppose h + 2 = -b*h. What is the remainder when -3 - ((-11 - 1) + h) is divided by 4?
3
Sup